t is the units digit of x?
5
Let b(z) = -6*z**3 + z**2 + z + 1. Let l be b(-1). Let t = l - -8. What is the tens digit of t?
1
Suppose -2*i = -5*q + 16, -q - 8 = -3*q. Let k = i + 1. What is the units digit of k?
3
What is the units digit of ((-1758)/9)/(18/(-27))?
3
Suppose -16 = 2*i - 0. Let s be ((-1)/2)/(1/i). Let c = -2 + s. What is the units digit of c?
2
Suppose -a = -4*r - 4*a - 8, 3*a = -12. Let t = 34 - r. What is the units digit of t?
3
Let o = 1 + 9. What is the units digit of o?
0
Let d = 68 + -58. What is the units digit of d?
0
Suppose f + s - 68 = 0, 4*f = -s + 4*s + 272. What is the tens digit of f?
6
Suppose -5*f + 5*b - 470 = 0, 0 = 5*f - 2*b + 651 - 193. Let i be f*2*2/(-8). Suppose -2*u - i = -5*r, u = r - 7 - 2. What is the units digit of r?
9
What is the tens digit of (1/(-1))/(11/(-319))?
2
Let h = 402 - 266. What is the units digit of h?
6
Let r(a) = 5 - a - 6 - 24. Let v be r(0). Let n = -15 - v. What is the units digit of n?
0
Let q be ((-8)/12)/(1/(-3)). Suppose 40 = 5*y - 5*c, q*y + c = -3*y + 10. Suppose y = 2*n - 7. What is the units digit of n?
5
Let d(r) = r**2 - 9*r + 11. Let z be d(8). Suppose 16 = z*q + 4*n, 0*q + 3*n - 7 = -q. What is the units digit of q?
4
Suppose 2*p = p - 2*a + 70, 3*a = -15. What is the units digit of p?
0
Let k(x) = 5*x**2 + 9*x - 5. What is the tens digit of k(3)?
6
Let o(b) = 3*b**2 - b + 1. Let w(j) = j + 5. Let y be w(-4). Let n be o(y). Suppose 0 = -m - n*d - 2*d - 10, -12 = 4*d. What is the units digit of m?
5
Suppose -4*r = -u - 10, -2*u + 2*r + 3*r - 5 = 0. Suppose 0 = -3*p - u + 28. What is the units digit of p?
6
Suppose 2 - 18 = 4*n. Suppose y + 30 = 2*k + 3*k, 30 = 5*k + 4*y. Let f = n + k. What is the units digit of f?
2
Suppose 3*b = -15, -2*b = 2*d - 0*d + 8. Let s be (-2 - -1) + (3 - d). Let h = 2 - s. What is the units digit of h?
1
Let i(y) = 20*y**2 + y + 3. What is the units digit of i(-3)?
0
Let c(g) = 8*g - 3 - 2*g**2 + 0 + g**2. Let f be c(5). Suppose 6*d - 5*v = 4*d + 6, 4*d - f = 4*v. What is the units digit of d?
3
Suppose -2*u = -87 + 31. Suppose 2*w - u - 18 = 0. Suppose 43 = 3*o + 5*l, o + 2*o + l - w = 0. What is the units digit of o?
6
Let r = 11 - 14. Suppose -m - 4*x = 4, 0 = -m - m - 4*x. What is the units digit of r/(-6) - (-10)/m?
3
Let j(b) = b**3 - 2*b**2 - 2*b + 2. What is the units digit of j(4)?
6
Let r(n) = 2*n + 3. Let i be r(4). Suppose i*m - 6*m - 55 = 0. Suppose 29 = 3*u + 2*k, m + 9 = -4*k. What is the units digit of u?
3
Suppose 0 = -11*a + 6*a + 165. What is the units digit of a?
3
Suppose 5*x = -2*l + 13, 3*x - 4 = -x. What is the units digit of l?
4
Let a(h) be the first derivative of h**2/2 + h - 1. Let z be a(3). Suppose -4*w - z*t + 12 = 0, w - 2*t + 24 = 6*w. What is the units digit of w?
6
Suppose -3*l = -2*l. Suppose 2*o - 3 = -5*q + 1, l = -2*q + o + 7. Suppose -5*b + q*s = -63 - 25, -4*b = 3*s - 52. What is the units digit of b?
6
Let p be 5642/210 + 4/30. Let y = 41 - p. What is the units digit of y?
4
Let q(b) = 2 - 3*b**3 - 5*b**2 + 0*b**3 - b**3 + 5*b**3. Let l be q(5). Suppose 5*g + l = 7. What is the units digit of g?
1
Let t(p) = 3*p**2 - p. Let n be ((-6)/2)/(-3) + 3. Suppose a - 9 + 2 = -4*w, -2*a - n*w + 6 = 0. What is the units digit of t(a)?
4
What is the units digit of (-4)/1 - (-154 + -1)?
1
Let t = 8 + -6. Suppose -2*n - n + 15 = 0. Suppose -2*i = 5*h - n*i - 25, -t*i = 2*h + 6. What is the units digit of h?
2
Let v(m) = m**3 - 6*m**2 - 2*m + 6. Let f be v(6). Let q be 23 + (f/2 - -2). Suppose -4 = 3*h - q. What is the units digit of h?
6
Let v(l) = l**3 + 4*l**2 + l + 4. Let d be v(-3). Suppose 3*q + d = 43. What is the tens digit of q?
1
Let j(t) = 20*t - 1. Let x(p) = -p. Let c(i) = j(i) + 4*x(i). What is the tens digit of c(2)?
3
Suppose -2*p = -7*p. Suppose -7*f + 12*f - 120 = p. What is the units digit of f?
4
Let c(d) = d**2 + 4*d. Let j be c(-5). Let s(h) = -5 - h**2 + 2*h + 2*h + 4*h. What is the tens digit of s(j)?
1
Let i(h) = h**3 + 2*h**2 - 3*h + 4. Let l be i(-3). Suppose 0 = 4*p - 0*p + 5*u - 33, -l*p + 5*u - 17 = 0. What is the units digit of p?
2
Let t = 60 + -41. What is the tens digit of t?
1
Let u(c) = c**3 + 4*c**2 + 3*c. Let z be u(-3). What is the units digit of (z - (-2)/1) + 14?
6
Suppose 4*t - t - 103 = -n, 0 = -5*t - 3*n + 177. What is the units digit of 105/33 - 6/t?
3
Suppose -x - 12 = x. Let g be ((-2)/(-3))/(4/x). What is the units digit of (3 + -3)*g + 16?
6
Suppose 7 = -t + b + 1, 2*t - 13 = -3*b. What is the units digit of ((-16)/40)/(t/45)?
8
Let k = -49 + 121. What is the tens digit of k?
7
Suppose -56 = -n + 6. What is the units digit of n?
2
Let b = 12 + -28. What is the units digit of (-20)/b + (-3)/12?
1
Suppose 10 = 2*f, -2*x + 5*f + 20 = x. What is the tens digit of x?
1
Let a be (1 - 2)*(0 - 0). Suppose a = -4*u + 4 - 0. Let c = 0 + u. What is the units digit of c?
1
Suppose -5*s - 3*f = -18, -s - 2*f + 5 = -0*f. Let j = 5 - s. What is the units digit of j?
2
Let x(i) = 6*i**2 + 2*i - 1. Let r = 46 - 29. Suppose 5*z + 8*w - r = 4*w, 4*z - 19 = -5*w. What is the units digit of x(z)?
7
Let k = 43 - 17. What is the tens digit of k?
2
Let y = -3 - -15. Suppose -3*c + y = -4*b - 10, -5*c - 10 = 5*b. What is the units digit of 102/b*(-10)/15?
7
Suppose 16 = -5*o + 136. Suppose -4*f + o - 4 = 0. What is the units digit of f?
5
What is the units digit of ((-12)/10)/(9/(-540))?
2
Let a = 13 - -5. What is the units digit of a?
8
Let y(f) = 5*f - 2*f - f - 5 + 1. What is the tens digit of y(8)?
1
Suppose -c - 4*c = 20. Let w(b) = b**3 + 4*b**2 - 3*b - 5. Let s be w(c). Let p = s + -5. What is the units digit of p?
2
Suppose -5*s - 4 = -19. Let c be 107/s + 2/(-3). What is the units digit of 413/c + (-1)/(-5)?
2
Let r be (-8)/10*25/(-10). Suppose 5*k - 8 = -r*y, y - k - 5 = -3*k. What is the units digit of y?
9
Suppose 2*a + 0 = 6. Suppose -l - 4*l + 2*r = -15, 5*l - a*r - 10 = 0. Suppose -5*x + 50 = l*b, 0*b + 3 = b. What is the units digit of x?
7
Let p be 0 - 1 - (0 - -11). Let t(x) = -7*x + 4. Let v be t(3). Let f = p - v. What is the units digit of f?
5
Let z(q) = 5*q + 6. Let w(v) = v + 1. Let x(g) = -22*w(g) + 4*z(g). Suppose 4*i + 15 = -c, -4*i - 2*c - 1 = 17. What is the units digit of x(i)?
8
Let l = 65 + -64. What is the units digit of l?
1
Let i(z) = 3*z**2 - 1. Let g be i(-1). Let c(x) = -g*x + 5 + 3*x + 0*x. What is the units digit of c(0)?
5
Let n be ((-44)/(-4))/(2/(-2)). Let t = n + 31. What is the units digit of t?
0
Let t be (-245)/14*8/(-10). What is the tens digit of (19/(-2))/((-7)/t)?
1
Let f(a) = a**2 - 7*a + 1. Let q(c) = c + 8. Let r be q(-7). Let n be r - 1/((-1)/7). What is the units digit of f(n)?
9
Suppose 3*q - 15 = 4*w + 118, -3*q + 105 = 3*w. What is the units digit of q?
9
Suppose -2*g - i = -1, -2*g + 2*i + 2 = -4*g. What is the units digit of g?
2
Suppose -675 = -5*k + 5*z + 760, -3*k + 859 = -4*z. What is the units digit of k?
9
Let y(m) = -m**3 - m**2 + 1. Let b(q) = q**3 - 4*q**2 + q + 6. Let c(a) = -b(a) + 6*y(a). What is the units digit of c(-1)?
6
Suppose -8 = 3*d - 20. What is the units digit of d?
4
Let b = 248 - 154. Suppose -b - 17 = -3*c. What is the units digit of c?
7
Suppose 49 = -0*c + c. What is the units digit of c?
9
Suppose 4*p - 4*x - 164 = 0, -4 = -2*x - 2. What is the units digit of p?
2
Suppose -r + 1 = -0. Let b be 5*(2 - (0 + 1)). Let z = b - r. What is the units digit of z?
4
Suppose 0 = -5*o + 65 + 60. Let r be (o/10)/((-1)/(-2)). Suppose 4 = -k + r. What is the units digit of k?
1
Let w be (4/6)/(3/9). Suppose 4*j + v = 14, 5*v = w*j + 2 + 2. What is the units digit of j?
3
Suppose 0 = -7*q + 10*q. Suppose -5*o + 3*a + 242 = q, 2*a + 2 + 6 = 0. What is the units digit of o?
6
Suppose v + 48 + 140 = 5*o, -2*v = 2*o - 80. What is the tens digit of o?
3
What is the units digit of (1/3)/((-3)/(-9))?
1
Let x(p) = p**2 + 5*p + 12. What is the units digit of x(-5)?
2
Let q(t) = -16*t + 8. What is the units digit of q(-8)?
6
What is the tens digit of (-61 + 2)*-5*2/5?
1
Let w = 46 - -28. What is the units digit of w?
4
Let o(n) = -n + 6. Let u be o(0). Let l = u - 0. What is the units digit of l?
6
Suppose 0 = -6*s + 2*s - 36. Let r(m) = m**2 + 10*m + 9. Let t be r(s). Suppose t = -2*n - 3 + 35. What is the units digit of